. Suppose -2*i - p = -4*z + 2, 3*z + 11 = 5*i. Let y(k) = -z*k**2 - 2*k**3 + k**2 + 0*k**3 - 2 + k**3. What is y(-2)?
-2
Let w be (4/10)/(4/20). Let s(j) = -6*j - j + j**2 + w*j - 3. Suppose -4*i + 26 = 5*a, i + 1 = -0*i. Calculate s(a).
3
Let m(v) be the second derivative of -v**5/20 + v**4/12 + v**3/6 - 51*v**2/2 - 328*v. Determine m(0).
-51
Let y = -32 + 22. Let v be (y/5)/2 + -3. Let a(s) = -s + 1. What is a(v)?
5
Let l(w) = -w**3 + 5*w**2 - 3*w - 3. Let v = -45 - -43. Let y be 4 - (2 + 1 + v). Calculate l(y).
6
Let i(h) be the second derivative of h**3/2 - 4*h**2 - h + 7. What is i(7)?
13
Let w(q) = -93*q - 1 + 56*q + 38*q. What is w(6)?
5
Suppose 3*k + k + 10 = 3*u, 0 = 3*u + 5*k - 1. Let m(y) = -2 - y**2 + y**3 - 2*y**u + y + 4*y**2. Suppose -21*v = 23*v - 14*v. What is m(v)?
-2
Let r(s) = -s. Suppose -52 + 16 = 2*y. Let c be (2/4)/(3/y). Let m(n) = -n**3 - 4*n**2 - 3*n + 2. Let i be m(c). Determine r(i).
-2
Suppose -s - 5*p + 17 = 7, -3*p = -s - 6. Let y be (-5 - -6)*(s + 7). Suppose -k = -n - 6, 2*k - n = -0*k + y. Let g(j) = -7*j. Give g(k).
-7
Suppose -795*y - 34 = -778*y. Let l(d) = d**3 + 4*d + 4. Calculate l(y).
-12
Let b(v) = v + 2. Suppose 0 = -12*u - u + 1677. Let p = u - 129. Give b(p).
2
Let i(p) be the first derivative of p**2 - 3*p + 9. Suppose 2*c + 4*f = 4, -c - f + 5 = -0*f. Let y = c - 4. What is i(y)?
5
Suppose 0 = k + 2*k - 2*k. Let f(x) be the first derivative of -1 - 5/2*x**4 + k*x**3 + 1/2*x**2 - x. Determine f(1).
-10
Let s(l) be the third derivative of l**5/30 - l**4/12 + l**3/3 + 4*l**2. Suppose -2*z - 9*z = -22. Calculate s(z).
6
Suppose 7*h = 2*h + 10. Let k(y) = 29*y - h + 31*y - y**2 - 56*y. Let b(w) = w**2 - w - 2. Let r be b(3). Give k(r).
-2
Suppose 2*f - 5*c = 5*f - 24, -5*f + 5*c = 0. Suppose -16 = -f*z - 10. Let n(k) be the first derivative of k**3/3 - k**2 - k + 24. Determine n(z).
-1
Suppose 2*j - 15 = -5*b + 13, -2*j - 4*b = -24. Let o be (-3 - (-18)/4)/((-3)/(-38)). Let r(x) = 20 - x + 6*x**2 - 4*x - o - x**3. Give r(j).
13
Let x(n) = -n + 2. Suppose -9*m - 20*m = -174. Calculate x(m).
-4
Let h(p) = 10*p - 1. Let z be (-52)/14 - (-2)/(-7). Let m = -2 - z. Suppose -4*t = -m*y - 6, 0*t + t - 2*y = 3. Calculate h(t).
9
Let y(w) be the third derivative of -w**6/24 - w**5/60 - w**4/24 - 2*w**2. Let n be (9/12)/1 + (-14)/8. Give y(n).
5
Let a(j) be the third derivative of 0 - 5/24*j**4 + 0*j - 31*j**2 - 1/120*j**6 + 1/3*j**3 + 7/60*j**5. Give a(6).
8
Let s(p) = -p**2 + 3*p + 4. Let d be s(3). Suppose 2*m - 3 = -m. Let g(z) = -6*z + m + 4*z - 2*z + z**2. Give g(d).
1
Let d(g) = g**3 + 10*g**2 - 12*g - 13. Suppose 0 = 4*k - 16, 27*u - 2 = 29*u + 5*k. Calculate d(u).
-2
Let b = 262 - 261. Let y(d) = -6*d. Determine y(b).
-6
Let u(f) = -30*f - 783. Let b be u(-26). Let y(i) = i**2 - 2*i**2 - 1 - 2 - 2*i. Give y(b).
-6
Let a(p) = 7*p. Let n be 4/6 - 41/3. Let g = n - -14. Calculate a(g).
7
Let y be (5/3)/(205/1476). Let h(t) = -t - 4. Calculate h(y).
-16
Suppose 5 + 20 = 5*o, o = -5*j + 5. Let g = j - 4. Let z(v) = -v**3 - 4*v**2 + 5*v + 3. Calculate z(g).
-17
Let i(r) = 6*r**3 + 6*r**2 + 2. Let c(l) = 7*l**3 + 6*l**2 + l + 1. Let m(h) = 5*c(h) - 6*i(h). Determine m(-7).
7
Let r be (-8)/2 + 51/3. Let o(x) = 8 + x + 3 - r. Calculate o(-2).
-4
Suppose 5*q - 2*h - 19 = 0, 0 = -3*h + 4 + 5. Let u(k) = -14 + 5 - 4*k + q*k. Calculate u(4).
-5
Suppose x = -4 + 14. Let r be (-594)/(-55) + 2/x. Let m = 6 - r. Let y(w) = w**2 + 6*w + 2. Calculate y(m).
-3
Let y(t) = -5*t + 11. Let m(x) = x. Let r(a) = 4*m(a) + y(a). What is r(3)?
8
Suppose 0 = -11*o - 8*o + 190. Let s(r) = -2*r + 33. Give s(o).
13
Let d(u) = -u + 1. Let w(m) = 6*m + m**3 - 4*m - 8*m**2 + 6*m - 7. Let h be w(7). What is d(h)?
1
Let z(m) = -m**2 - 2*m + 60. Let a be z(-9). Let x(u) = -2*u**3 - 4*u**2 - 2*u - 9. Determine x(a).
15
Let j(q) = -q**3 - 8*q**2 - 7*q + 4. Let x(c) = -8*c + 30*c - c**3 - 7 + 13*c**2 - 4*c**2. Let p be x(11). Calculate j(p).
4
Let z = 12 + -11. Let g(m) = m - 3 + z - 1 + 7. Let q(k) = -1. Let t(u) = g(u) + 5*q(u). Determine t(-6).
-7
Let q(c) = c**2 + 1. Let v(k) = 4*k**2 - 4*k + 4. Let d(i) = 3*q(i) - v(i). Suppose 0 = -7*o + 3*o + 32. Let s = 12 - o. Calculate d(s).
-1
Let x = 53 + -49. Let n(d) = d - 6 + x*d + 6. What is n(-2)?
-10
Let j = 39 + -34. Suppose -3*n = -3*p + 3, 5*n = -j*p + p + 13. Let q(k) = 2*k**2 + k**3 - p*k - 4*k**2 - 28 + 31 - 3*k**2. Calculate q(5).
-7
Let n(j) = 33*j**3 + 3*j**2 - 7*j + 7. Let s(f) = -17*f**3 - f**2 + 3*f - 3. Let l(q) = 2*n(q) + 5*s(q). What is l(1)?
-18
Let x(b) = -2*b**2 + 9*b + 8. Let v(y) = -y**2 + 32*y - 81. Let g be v(3). Give x(g).
-10
Let f(w) = -3*w**2 + 8*w + 9. Let i(x) = -x**2 + 2. Let p(u) = -f(u) + 2*i(u). Give p(8).
-5
Let g(c) = -1 + 3*c - 127*c**2 + 42*c**2 + 39*c**2 + 48*c**2. Calculate g(-4).
19
Suppose 4*d + 2*d - 1 + 25 = 0. Let v(j) = -j - 2*j - j**2 - 6 + 0*j. Calculate v(d).
-10
Let o be (1/(-1))/((-11)/(-231)). Let d be (-4)/(-6) + (-217)/o. Let h(v) = -d*v**2 + 8*v + 17*v**2 + 3*v**3 - 2 - 4*v**3. Give h(7).
5
Let c(a) = -a**3 + 5*a**2 - 2*a + 5. Let k(d) = -d - 7. Let t be k(-8). Let b be (18/(-12) - -4)*(1 + t). Give c(b).
-5
Let y = -35 + 33. Let c = y + 5. Let q(g) = -2*g**2 + 3*g + 4. What is q(c)?
-5
Let a(y) = -5*y**2 - 2*y - 3*y**2 - 1 + 4*y. Let q(g) = -2*g - 13. Let p be q(-7). Determine a(p).
-7
Let i(j) = 5*j**2 - 6*j + 2. Let q be (-81)/(-18)*2/3. Let c(u) = -6*u**2 + 7*u - 2. Let n(w) = q*i(w) + 2*c(w). What is n(2)?
6
Let x(w) be the second derivative of w**4/6 - 2*w**3/3 + 2*w**2 + 81*w. What is x(4)?
20
Let w(t) be the third derivative of t**6/360 + t**5/24 + 3*t**4/8 + 19*t**2. Let d(r) be the second derivative of w(r). Let h = -9 + 5. Give d(h).
-3
Suppose 3*f + 3 = 6. Let r be f/((-60)/175 + 1/7). Let i(l) = -l + 3. Let p(x) = 6*x - 16. Let c(k) = -11*i(k) - 2*p(k). Calculate c(r).
4
Suppose 0 = -5*z + 2*z - 9. Let v = z + 6. Suppose 0 = v*a + 8 - 11. Let b(o) = 8*o**3 + 2*o**2 - 1. Give b(a).
9
Suppose 2*x - 3*x + b + 2 = 0, x - 3*b = -2. Let y(d) = d + 30. Let u(m) = -2*m - 18. Let c(n) = -3*u(n) - 2*y(n). What is c(x)?
10
Let o(g) be the first derivative of g**2/2 + 3*g - 10. Give o(-4).
-1
Let i(h) = -6*h + 13. Let f = 1319 + -1316. What is i(f)?
-5
Let j(u) = -u**2 + 72*u - 1248. Let r be j(29). Let l(k) = 1 - k - 2 + 0*k. Give l(r).
0
Let k(a) = a - 3. Let o(t) = 2*t + 18. Let j be o(-12). Let g be (-26)/3 - 4/(-6). Let q = j - g. Determine k(q).
-1
Let t = 1 + -5. Let z be 1 - (-2 + (-4)/t). Suppose 4 = -z*s + 2. Let r(o) = 2*o**2 + 2*o + 1. Give r(s).
1
Let b(y) = 5*y**2 + 29*y - 8. Let c(s) = 4*s**2 + 25*s - 8. Let q(r) = -5*b(r) + 6*c(r). Calculate q(6).
-14
Let w be -6*(-6)/(-21)*273/(-26). Let u(k) = -k**3 + 19*k**2 - 17*k - 26. Calculate u(w).
-8
Let r be 5/10*(-1 + 1). Let k(x) be the second derivative of -x**5/120 + 5*x**3/3 - 12*x. Let v(u) be the second derivative of k(u). Determine v(r).
0
Let f(t) = 2*t**2 + 2*t + 3. Let y be f(-5). Let m(p) = 45*p + y*p - 91*p. What is m(3)?
-9
Let m(l) = -2*l**2 + 25*l - 14. Suppose -6234*i + 60 = -6229*i. Give m(i).
-2
Let i(w) = -w + 9. Let l(p) = p**3 + 9*p**2 - 2*p - 18. Let a = 5 + -14. Let h be l(a). What is i(h)?
9
Let g(q) = q**3 - 4*q**2 - 6*q + 4. Let z = -14 + 31. Let o = -12 + z. Give g(o).
-1
Suppose -5 = k - 2*b, 5*k = 5*b - 7 - 18. Let q(a) = -2*a - 2. Determine q(k).
8
Let s(u) be the third derivative of -u**6/120 - u**4/24 + 4*u**3 - 7*u**2 - 1. Calculate s(0).
24
Let p = 372 + -367. Let n(a) be the third derivative of -1/24*a**4 + 0 - 1/30*a**p + 1/6*a**3 - 7*a**2 + 0*a + 1/120*a**6. Calculate n(1).
-1
Let f(o) = -3*o + 4*o - 5*o + o**2 - 3 + 0. Calculate f(5).
2
Suppose 4*l = 5*i - 40, -3*i = i + 5*l + 9. Let k(h) be the first derivative of h**4/4 - 4*h**3/3 - 3*h**2/2 - 3*h + 13. What is k(i)?
-15
Let q be ((-1)/2)/((72/(-6))/48). Let z(v) be the second derivative of 2*v**q - 1/3*v**4 - 1/6*v**3 - 1/20*v**5 - 6*v + 0. Determine z(-4).
8
Suppose -4*w = -i + 37, 4*i - 36 = i - 3*w. Suppose -11*y = -i - 5. Let b(t) = t**2 - t. Give b(y).
2
Let j(b) = b + 2. Suppose -3 = 4*s - 23. Suppose 0*v - v - 23 = 4*x, -s*x - v = 28. Let g = 3 + x. Calculate j(g).
0
Let y(b) be the third derivative of b**5/60 + b**4/3 + 7*b**3/6 - 8*b**2 + 6. Calculate y(-6).
-5
Let w(y) = -y**